{"id":36939,"date":"2025-07-04T15:45:06","date_gmt":"2025-07-04T13:45:06","guid":{"rendered":"https:\/\/plsn.eu\/?post_type=wydarzenia&#038;p=36939"},"modified":"2025-08-13T13:45:29","modified_gmt":"2025-08-13T11:45:29","slug":"interreg-fuer-anfaenger-informationstreffen-online-2","status":"publish","type":"wydarzenia","link":"https:\/\/plsn.eu\/de\/wydarzenia\/interreg-fuer-anfaenger-informationstreffen-online-2\/","title":{"rendered":"INTERREG f\u00fcr ANF\u00c4NGER &#8211; Informationstreffen ONLINE"},"content":{"rendered":"\n<p><br>Wir laden alle interessierten Personen zur Teilnahme am <strong>Informationstreffen ONLINE f\u00fcr Anf\u00e4nger im Kooperationsprogramm Interreg Polen \u2013 Sachsen 2021-2027<\/strong> herzlich ein. An dem Treffen wird Deutsch gesprochen.<\/p>\n\n\n\n<p><br>Folgende Themen werden diskutiert:<br><br>* worum geht es \u00fcberhaupt in unserem Programm? <br>Wir stellen Ihnen die Grunds\u00e4tze vor.<br>* wer kann einen F\u00f6rderantrag stellen? <br>* in welchen Themenbereichen?<br>* wann?<br>* was ist bereits los im Programm &#8211; unsere laufenden Projekte<br>und sonstige Fragen, die f\u00fcr Sie wichtig sind \ud83d\ude42<\/p>\n\n\n\n<p><\/p>\n\n\n\n<p>Die Vertreter der Euroregion Neisse werden mit dabei und machen Sie mit dem Angebot des Kleinprojektfonds vertraut: <a href=\"http:\/\/euroregion-nysa.pl\/index.php\/de\/main-programy-i-fundusze-de\/polska-saksonia-de\" rel=\"nofollow noopener\" target=\"_blank\">http:\/\/euroregion-nysa.pl\/index.php\/de\/main-programy-i-fundusze-de\/polska-saksonia-de<\/a><\/p>\n\n\n\n<p>Wir treffen uns auf dem ZOOM-Plattform. Den Link zum Treffen verschicken wir direkt an registrierte Teilnehmende.<\/p>\n\n\n\n<p><\/p>\n\n\n\n<p>Wir freuen uns schon auf Ihre Teilnahme!<\/p>\n\n\n\n<p><\/p>\n","protected":false},"excerpt":{"rendered":"<p>Wir laden alle interessierten Personen zur Teilnahme am Informationstreffen ONLINE f\u00fcr Anf\u00e4nger im Kooperationsprogramm Interreg Polen \u2013 Sachsen 2021-2027 herzlich ein. An dem Treffen wird Deutsch gesprochen. Folgende Themen werden diskutiert: * worum geht es \u00fcberhaupt in unserem Programm? Wir stellen Ihnen die Grunds\u00e4tze vor.* wer kann einen F\u00f6rderantrag stellen? * in welchen Themenbereichen?* wann?* [&hellip;]<\/p>\n","protected":false},"featured_media":35598,"menu_order":0,"template":"","meta":{"_acf_changed":false,"inline_featured_image":false,"_themeisle_gutenberg_block_has_review":false,"footnotes":"","_links_to":"","_links_to_target":""},"tags":[],"wydarzenia_dla":[],"wydarzenia_typ":[1988],"obszar_wydarzenia":[],"class_list":["post-36939","wydarzenia","type-wydarzenia","status-publish","has-post-thumbnail","hentry","wydarzenia_typ-programowe-2"],"acf":[],"_links":{"self":[{"href":"https:\/\/plsn.eu\/de\/wp-json\/wp\/v2\/wydarzenia\/36939","targetHints":{"allow":["GET"]}}],"collection":[{"href":"https:\/\/plsn.eu\/de\/wp-json\/wp\/v2\/wydarzenia"}],"about":[{"href":"https:\/\/plsn.eu\/de\/wp-json\/wp\/v2\/types\/wydarzenia"}],"version-history":[{"count":8,"href":"https:\/\/plsn.eu\/de\/wp-json\/wp\/v2\/wydarzenia\/36939\/revisions"}],"predecessor-version":[{"id":37316,"href":"https:\/\/plsn.eu\/de\/wp-json\/wp\/v2\/wydarzenia\/36939\/revisions\/37316"}],"wp:featuredmedia":[{"embeddable":true,"href":"https:\/\/plsn.eu\/de\/wp-json\/wp\/v2\/media\/35598"}],"wp:attachment":[{"href":"https:\/\/plsn.eu\/de\/wp-json\/wp\/v2\/media?parent=36939"}],"wp:term":[{"taxonomy":"post_tag","embeddable":true,"href":"https:\/\/plsn.eu\/de\/wp-json\/wp\/v2\/tags?post=36939"},{"taxonomy":"wydarzenia_dla","embeddable":true,"href":"https:\/\/plsn.eu\/de\/wp-json\/wp\/v2\/wydarzenia_dla?post=36939"},{"taxonomy":"wydarzenia_typ","embeddable":true,"href":"https:\/\/plsn.eu\/de\/wp-json\/wp\/v2\/wydarzenia_typ?post=36939"},{"taxonomy":"obszar_wydarzenia","embeddable":true,"href":"https:\/\/plsn.eu\/de\/wp-json\/wp\/v2\/obszar_wydarzenia?post=36939"}],"curies":[{"name":"wp","href":"https:\/\/api.w.org\/{rel}","templated":true}]}}

INTERREG für ANFÄNGER &#8211; Informationstreffen ONLINE

<p><br>Wir laden alle interessierten Personen zur Teilnahme am <strong>Informationstreffen ONLINE für Anfänger im Kooperationsprogramm Interreg Polen – Sachsen 2021-2027</strong> herzlich ein. An dem Treffen wird Deutsch gesprochen.</p>



<p><br>Folgende Themen werden diskutiert:<br><br>* worum geht es überhaupt in unserem Programm? <br>Wir stellen Ihnen die Grundsätze vor.<br>* wer kann einen Förderantrag stellen? <br>* in welchen Themenbereichen?<br>* wann?<br>* was ist bereits los im Programm &#8211; unsere laufenden Projekte<br>und sonstige Fragen, die für Sie wichtig sind 🙂</p>



<p></p>



<p>Die Vertreter der Euroregion Neisse werden mit dabei und machen Sie mit dem Angebot des Kleinprojektfonds vertraut: <a href="http://euroregion-nysa.pl/index.php/de/main-programy-i-fundusze-de/polska-saksonia-de" rel="nofollow noopener" target="_blank">http://euroregion-nysa.pl/index.php/de/main-programy-i-fundusze-de/polska-saksonia-de</a></p>



<p>Wir treffen uns auf dem ZOOM-Plattform. Den Link zum Treffen verschicken wir direkt an registrierte Teilnehmende.</p>



<p></p>



<p>Wir freuen uns schon auf Ihre Teilnahme!</p>



<p></p>

<p>Wir laden alle interessierten Personen zur Teilnahme am Informationstreffen ONLINE für Anfänger im Kooperationsprogramm Interreg Polen – Sachsen 2021-2027 herzlich ein. An dem Treffen wird Deutsch gesprochen. Folgende Themen werden diskutiert: * worum geht es überhaupt in unserem Programm? Wir stellen Ihnen die Grundsätze vor.* wer kann einen Förderantrag stellen? * in welchen Themenbereichen?* wann?* [&hellip;]</p>
