{"id":39101,"date":"2026-01-23T13:41:11","date_gmt":"2026-01-23T12:41:11","guid":{"rendered":"https:\/\/plsn.eu\/?post_type=wydarzenia&#038;p=39101"},"modified":"2026-02-04T17:12:42","modified_gmt":"2026-02-04T16:12:42","slug":"ausstellung-in-jasien-proadapt","status":"publish","type":"wydarzenia","link":"https:\/\/plsn.eu\/de\/wydarzenia\/ausstellung-in-jasien-proadapt\/","title":{"rendered":"Freiluftausstellung des Projekts PROADAPT in Jasie\u0144 und anderen Ortschaften"},"content":{"rendered":"\n<p><\/p>\n\n\n\n<p>Wir laden die Einwohner der polnisch &#8211; s\u00e4chsischen Grenzregion zu einer AUSSTELLUNG des Projekts PROADAPT ein!<\/p>\n\n\n\n<p><strong>Auf dem Plac Wolno\u015bci (Freiheitsplatz) in Jasie\u0144 und dann auch in aderen Ortschaften der s\u00e4chsisch-polnischen Grenzregion erwartet Sie eine neue Freiluftausstellung zum Thema gr\u00fcn-blaue Infrastruktur, die zeigt, wie wir gemeinsam den negativen Auswirkungen des Klimawandels entgegenwirken k\u00f6nnen.<\/strong><\/p>\n\n\n\n<p>Die Ausstellung wurde von der <strong>Stiftung Natura Polska<\/strong> organisiert und besteht aus 8 doppelseitigen Tafeln mit Abbildungen, wie uns die Natur mit dem Umgang mit Hitze, D\u00fcrre und Starkniederschl\u00e4gen helfen kann.<\/p>\n\n\n\n<p>Die Ausstellung stellt die im Projekt PROADAPT ausgearbeiteten konkreten L\u00f6sungen und bew\u00e4hrten Verfahren dar, die einem klimafreundlichen Schutz des Grenzgebiets dienen sollen.<\/p>\n\n\n\n<p>Schauen Sie bitte mal rein und lassen Sie sich \u00fcberzeugen, wie kleine und gr\u00f6\u00dfere Anpassungsma\u00dfnahmen die Lebensqualit\u00e4t in unseren Gemeinden verbessern k\u00f6nnen.<\/p>\n\n\n\n<p>Die Ausstellung ist im \u00f6ffentlichen Raum zug\u00e4nglich \u2013 Sie k\u00f6nnen sie bei einem Spaziergang besuchen.<\/p>\n\n\n\n<p><strong>Die weiteren Ausstellungsorte sind f\u00fcr folgende Zeitr\u00e4ume vorgesehen:<\/strong><\/p>\n\n\n\n<ul class=\"wp-block-list\">\n<li><strong>\u017bary (Platz vor dem Museum der Schlesisch-Lausitzer Grenzregion am Kardyna\u0142a Stefana Wyszy\u0144skiego 2):<\/strong> Februar<\/li>\n\n\n\n<li><strong>Lw\u00f3wek \u015al\u0105ski (Marktplatz):<\/strong> Februar\u2013M\u00e4rz<\/li>\n\n\n\n<li><strong>Boles\u0142awiec (Gel\u00e4nde des Boles\u0142awiecki O\u015brodek Kultury, Plac Pi\u0142sudskiego 1c):<\/strong> M\u00e4rz\u2013April<\/li>\n\n\n\n<li><strong>Ostritz (Gel\u00e4nde des Internationalen Begegnungszentrums IBZ Marienthal, St. Marienthal 10):<\/strong> April<\/li>\n\n\n\n<li><strong>G\u00f6rlitz (Zoo, Zittauer Stra\u00dfe 43):<\/strong> Mai<\/li>\n<\/ul>\n\n\n\n<p><\/p>\n\n\n\n<p>Die Ausstellung wird an jedem Standort f\u00fcr etwa drei Wochen pr\u00e4sentiert. Die oben genannten Termine dienen zur Orientierung.<\/p>\n\n\n\n<p>Das Projekt wird von der Europ\u00e4ischen Union aus Mitteln des Europ\u00e4ischen Fonds f\u00fcr regionale Entwicklung im Rahmen des Kooperationsprogramms Polen-Sachsen 2021-2027 kofinanziert.<\/p>\n\n\n\n<p>Weitere Informationen zum Projekt finden Sie unter: <a href=\"http:\/\/www.proadapt.info\/?fbclid=IwZXh0bgNhZW0CMTAAYnJpZBExbExaQTZhWEJRZXhoTExMNXNydGMGYXBwX2lkEDIyMjAzOTE3ODgyMDA4OTIAAR5nhJjNuNTtUhc4vE46fYNTqgZEkX0OYmkb4K_AvGJGDQSJsWAqTNMe6DDzyA_aem_SBKzB2UovqaLUAs_RNm4uQ\" rel=\"noreferrer noopener nofollow\" target=\"_blank\">www.proadapt.info<\/a><\/p>\n\n\n\n<figure class=\"wp-block-gallery has-nested-images columns-default is-cropped wp-block-gallery-1 is-layout-flex wp-block-gallery-is-layout-flex\">\n<figure class=\"wp-block-image size-large\"><img loading=\"lazy\" decoding=\"async\" width=\"768\" height=\"1024\" data-id=\"39099\" src=\"https:\/\/plsn.eu\/wp-content\/uploads\/2026\/01\/PROADAPT-wystawa-Jasien-3-768x1024.jpg\" alt=\"\" class=\"wp-image-39099\" srcset=\"https:\/\/plsn.eu\/wp-content\/uploads\/2026\/01\/PROADAPT-wystawa-Jasien-3-768x1024.jpg 768w, https:\/\/plsn.eu\/wp-content\/uploads\/2026\/01\/PROADAPT-wystawa-Jasien-3-225x300.jpg 225w, https:\/\/plsn.eu\/wp-content\/uploads\/2026\/01\/PROADAPT-wystawa-Jasien-3-1152x1536.jpg 1152w, https:\/\/plsn.eu\/wp-content\/uploads\/2026\/01\/PROADAPT-wystawa-Jasien-3.jpg 1536w\" sizes=\"auto, (max-width: 768px) 100vw, 768px\" \/><\/figure>\n\n\n\n<figure class=\"wp-block-image size-large\"><img loading=\"lazy\" decoding=\"async\" width=\"1024\" height=\"768\" data-id=\"39098\" src=\"https:\/\/plsn.eu\/wp-content\/uploads\/2026\/01\/PROADAPT-wystawa-Jasien-2-1024x768.jpg\" alt=\"\" class=\"wp-image-39098\" srcset=\"https:\/\/plsn.eu\/wp-content\/uploads\/2026\/01\/PROADAPT-wystawa-Jasien-2-1024x768.jpg 1024w, https:\/\/plsn.eu\/wp-content\/uploads\/2026\/01\/PROADAPT-wystawa-Jasien-2-300x225.jpg 300w, https:\/\/plsn.eu\/wp-content\/uploads\/2026\/01\/PROADAPT-wystawa-Jasien-2-768x576.jpg 768w, https:\/\/plsn.eu\/wp-content\/uploads\/2026\/01\/PROADAPT-wystawa-Jasien-2-1536x1152.jpg 1536w, https:\/\/plsn.eu\/wp-content\/uploads\/2026\/01\/PROADAPT-wystawa-Jasien-2.jpg 2048w\" sizes=\"auto, (max-width: 1024px) 100vw, 1024px\" \/><\/figure>\n\n\n\n<figure class=\"wp-block-image size-large\"><img loading=\"lazy\" decoding=\"async\" width=\"768\" height=\"1024\" data-id=\"39097\" src=\"https:\/\/plsn.eu\/wp-content\/uploads\/2026\/01\/PROADAPT-wystawa-Jasien-1-768x1024.jpg\" alt=\"\" class=\"wp-image-39097\" srcset=\"https:\/\/plsn.eu\/wp-content\/uploads\/2026\/01\/PROADAPT-wystawa-Jasien-1-768x1024.jpg 768w, https:\/\/plsn.eu\/wp-content\/uploads\/2026\/01\/PROADAPT-wystawa-Jasien-1-225x300.jpg 225w, https:\/\/plsn.eu\/wp-content\/uploads\/2026\/01\/PROADAPT-wystawa-Jasien-1-1152x1536.jpg 1152w, https:\/\/plsn.eu\/wp-content\/uploads\/2026\/01\/PROADAPT-wystawa-Jasien-1.jpg 1536w\" sizes=\"auto, (max-width: 768px) 100vw, 768px\" \/><\/figure>\n<\/figure>\n","protected":false},"excerpt":{"rendered":"<p>Wir laden die Einwohner der polnisch &#8211; s\u00e4chsischen Grenzregion zu einer AUSSTELLUNG des Projekts PROADAPT ein! Auf dem Plac Wolno\u015bci (Freiheitsplatz) in Jasie\u0144 und dann auch in aderen Ortschaften der s\u00e4chsisch-polnischen Grenzregion erwartet Sie eine neue Freiluftausstellung zum Thema gr\u00fcn-blaue Infrastruktur, die zeigt, wie wir gemeinsam den negativen Auswirkungen des Klimawandels entgegenwirken k\u00f6nnen. Die Ausstellung [&hellip;]<\/p>\n","protected":false},"featured_media":39098,"menu_order":0,"template":"","meta":{"_acf_changed":false,"inline_featured_image":false,"_themeisle_gutenberg_block_has_review":false,"footnotes":"","_links_to":"","_links_to_target":""},"tags":[],"wydarzenia_dla":[],"wydarzenia_typ":[2025],"obszar_wydarzenia":[],"class_list":["post-39101","wydarzenia","type-wydarzenia","status-publish","has-post-thumbnail","hentry","wydarzenia_typ-projektveranstaltung"],"acf":[],"_links":{"self":[{"href":"https:\/\/plsn.eu\/de\/wp-json\/wp\/v2\/wydarzenia\/39101","targetHints":{"allow":["GET"]}}],"collection":[{"href":"https:\/\/plsn.eu\/de\/wp-json\/wp\/v2\/wydarzenia"}],"about":[{"href":"https:\/\/plsn.eu\/de\/wp-json\/wp\/v2\/types\/wydarzenia"}],"version-history":[{"count":9,"href":"https:\/\/plsn.eu\/de\/wp-json\/wp\/v2\/wydarzenia\/39101\/revisions"}],"predecessor-version":[{"id":39287,"href":"https:\/\/plsn.eu\/de\/wp-json\/wp\/v2\/wydarzenia\/39101\/revisions\/39287"}],"wp:featuredmedia":[{"embeddable":true,"href":"https:\/\/plsn.eu\/de\/wp-json\/wp\/v2\/media\/39098"}],"wp:attachment":[{"href":"https:\/\/plsn.eu\/de\/wp-json\/wp\/v2\/media?parent=39101"}],"wp:term":[{"taxonomy":"post_tag","embeddable":true,"href":"https:\/\/plsn.eu\/de\/wp-json\/wp\/v2\/tags?post=39101"},{"taxonomy":"wydarzenia_dla","embeddable":true,"href":"https:\/\/plsn.eu\/de\/wp-json\/wp\/v2\/wydarzenia_dla?post=39101"},{"taxonomy":"wydarzenia_typ","embeddable":true,"href":"https:\/\/plsn.eu\/de\/wp-json\/wp\/v2\/wydarzenia_typ?post=39101"},{"taxonomy":"obszar_wydarzenia","embeddable":true,"href":"https:\/\/plsn.eu\/de\/wp-json\/wp\/v2\/obszar_wydarzenia?post=39101"}],"curies":[{"name":"wp","href":"https:\/\/api.w.org\/{rel}","templated":true}]}}

Freiluftausstellung des Projekts PROADAPT in Jasień und anderen Ortschaften

<p></p>



<p>Wir laden die Einwohner der polnisch &#8211; sächsischen Grenzregion zu einer AUSSTELLUNG des Projekts PROADAPT ein!</p>



<p><strong>Auf dem Plac Wolności (Freiheitsplatz) in Jasień und dann auch in aderen Ortschaften der sächsisch-polnischen Grenzregion erwartet Sie eine neue Freiluftausstellung zum Thema grün-blaue Infrastruktur, die zeigt, wie wir gemeinsam den negativen Auswirkungen des Klimawandels entgegenwirken können.</strong></p>



<p>Die Ausstellung wurde von der <strong>Stiftung Natura Polska</strong> organisiert und besteht aus 8 doppelseitigen Tafeln mit Abbildungen, wie uns die Natur mit dem Umgang mit Hitze, Dürre und Starkniederschlägen helfen kann.</p>



<p>Die Ausstellung stellt die im Projekt PROADAPT ausgearbeiteten konkreten Lösungen und bewährten Verfahren dar, die einem klimafreundlichen Schutz des Grenzgebiets dienen sollen.</p>



<p>Schauen Sie bitte mal rein und lassen Sie sich überzeugen, wie kleine und größere Anpassungsmaßnahmen die Lebensqualität in unseren Gemeinden verbessern können.</p>



<p>Die Ausstellung ist im öffentlichen Raum zugänglich – Sie können sie bei einem Spaziergang besuchen.</p>



<p><strong>Die weiteren Ausstellungsorte sind für folgende Zeiträume vorgesehen:</strong></p>



<ul class="wp-block-list">
<li><strong>Żary (Platz vor dem Museum der Schlesisch-Lausitzer Grenzregion am Kardynała Stefana Wyszyńskiego 2):</strong> Februar</li>



<li><strong>Lwówek Śląski (Marktplatz):</strong> Februar–März</li>



<li><strong>Bolesławiec (Gelände des Bolesławiecki Ośrodek Kultury, Plac Piłsudskiego 1c):</strong> März–April</li>



<li><strong>Ostritz (Gelände des Internationalen Begegnungszentrums IBZ Marienthal, St. Marienthal 10):</strong> April</li>



<li><strong>Görlitz (Zoo, Zittauer Straße 43):</strong> Mai</li>
</ul>



<p></p>



<p>Die Ausstellung wird an jedem Standort für etwa drei Wochen präsentiert. Die oben genannten Termine dienen zur Orientierung.</p>



<p>Das Projekt wird von der Europäischen Union aus Mitteln des Europäischen Fonds für regionale Entwicklung im Rahmen des Kooperationsprogramms Polen-Sachsen 2021-2027 kofinanziert.</p>



<p>Weitere Informationen zum Projekt finden Sie unter: <a href="http://www.proadapt.info/?fbclid=IwZXh0bgNhZW0CMTAAYnJpZBExbExaQTZhWEJRZXhoTExMNXNydGMGYXBwX2lkEDIyMjAzOTE3ODgyMDA4OTIAAR5nhJjNuNTtUhc4vE46fYNTqgZEkX0OYmkb4K_AvGJGDQSJsWAqTNMe6DDzyA_aem_SBKzB2UovqaLUAs_RNm4uQ" rel="noreferrer noopener nofollow" target="_blank">www.proadapt.info</a></p>



<figure class="wp-block-gallery has-nested-images columns-default is-cropped wp-block-gallery-1 is-layout-flex wp-block-gallery-is-layout-flex">
<figure class="wp-block-image size-large"><img loading="lazy" decoding="async" width="768" height="1024" data-id="39099" src="https://plsn.eu/wp-content/uploads/2026/01/PROADAPT-wystawa-Jasien-3-768x1024.jpg" alt="" class="wp-image-39099" srcset="https://plsn.eu/wp-content/uploads/2026/01/PROADAPT-wystawa-Jasien-3-768x1024.jpg 768w, https://plsn.eu/wp-content/uploads/2026/01/PROADAPT-wystawa-Jasien-3-225x300.jpg 225w, https://plsn.eu/wp-content/uploads/2026/01/PROADAPT-wystawa-Jasien-3-1152x1536.jpg 1152w, https://plsn.eu/wp-content/uploads/2026/01/PROADAPT-wystawa-Jasien-3.jpg 1536w" sizes="auto, (max-width: 768px) 100vw, 768px" /></figure>



<figure class="wp-block-image size-large"><img loading="lazy" decoding="async" width="1024" height="768" data-id="39098" src="https://plsn.eu/wp-content/uploads/2026/01/PROADAPT-wystawa-Jasien-2-1024x768.jpg" alt="" class="wp-image-39098" srcset="https://plsn.eu/wp-content/uploads/2026/01/PROADAPT-wystawa-Jasien-2-1024x768.jpg 1024w, https://plsn.eu/wp-content/uploads/2026/01/PROADAPT-wystawa-Jasien-2-300x225.jpg 300w, https://plsn.eu/wp-content/uploads/2026/01/PROADAPT-wystawa-Jasien-2-768x576.jpg 768w, https://plsn.eu/wp-content/uploads/2026/01/PROADAPT-wystawa-Jasien-2-1536x1152.jpg 1536w, https://plsn.eu/wp-content/uploads/2026/01/PROADAPT-wystawa-Jasien-2.jpg 2048w" sizes="auto, (max-width: 1024px) 100vw, 1024px" /></figure>



<figure class="wp-block-image size-large"><img loading="lazy" decoding="async" width="768" height="1024" data-id="39097" src="https://plsn.eu/wp-content/uploads/2026/01/PROADAPT-wystawa-Jasien-1-768x1024.jpg" alt="" class="wp-image-39097" srcset="https://plsn.eu/wp-content/uploads/2026/01/PROADAPT-wystawa-Jasien-1-768x1024.jpg 768w, https://plsn.eu/wp-content/uploads/2026/01/PROADAPT-wystawa-Jasien-1-225x300.jpg 225w, https://plsn.eu/wp-content/uploads/2026/01/PROADAPT-wystawa-Jasien-1-1152x1536.jpg 1152w, https://plsn.eu/wp-content/uploads/2026/01/PROADAPT-wystawa-Jasien-1.jpg 1536w" sizes="auto, (max-width: 768px) 100vw, 768px" /></figure>
</figure>

<p>Wir laden die Einwohner der polnisch &#8211; sächsischen Grenzregion zu einer AUSSTELLUNG des Projekts PROADAPT ein! Auf dem Plac Wolności (Freiheitsplatz) in Jasień und dann auch in aderen Ortschaften der sächsisch-polnischen Grenzregion erwartet Sie eine neue Freiluftausstellung zum Thema grün-blaue Infrastruktur, die zeigt, wie wir gemeinsam den negativen Auswirkungen des Klimawandels entgegenwirken können. Die Ausstellung [&hellip;]</p>
